{"id":253,"date":"2026-01-13T02:01:34","date_gmt":"2026-01-13T01:01:34","guid":{"rendered":"https:\/\/www.futbalovedresysk.com\/?post_type=product&#038;p=253"},"modified":"2026-01-13T02:01:34","modified_gmt":"2026-01-13T01:01:34","slug":"replika-detsky-dres-real-madrid-ferland-mendy-23-2025-26-domaci-trenirky","status":"publish","type":"product","link":"https:\/\/www.drespredeti.com\/nl\/replika-detsky-dres-real-madrid-ferland-mendy-23-2025-26-domaci-trenirky\/","title":{"rendered":"Replica Kinder Real Madrid shirt Ferland Mendy #23 2025-26 Thuis (+ shortjes)"},"content":{"rendered":"<h3>Kind Real Madrid trui Ferland Mendy #23 2025\/26 \u2013 thuisset<\/h3>\n<p>Deze Kind Real Madrid trui in thuisuitvoering voor seizoen 2025\/26 vertegenwoordigt de klassieke stijl van de club in een moderne kinderversie. Ge\u00efnspireerd op de offici\u00eble thuistrui, is hij bedoeld voor jonge fans die Real Madrid op het veld en daarbuiten willen steunen, en die ook de speler Ferland Mendy #23 bewonderen.<\/p>\n<p>De trui is gemaakt van een hoogwaardige synthetische stof die zacht aanvoelt, licht van gewicht is en geschikt voor dagelijks gebruik. Dankzij de sportieve pasvorm biedt het comfort bij beweging en is het ideaal voor voetbaltrainingen, schoolsportactiviteiten of vrije tijd. In de verpakking zitten ook broekjes die qua kleur bij de trui passen.<\/p>\n<p>Deze Kind Real Madrid trui biedt de mogelijkheid tot personalisatie. In plaats van een spelersnaam kan men een eigen naam en nummer kiezen, waardoor een originele trui ontstaat die is afgestemd op het kind. Gepersonaliseerde truien hebben een hogere waarde en zijn een populaire keuze bij cadeaus.<\/p>\n<p><strong>Waarom kiezen voor de thuis Kind Real Madrid trui?<\/strong><\/p>\n<ul>\n<li>Klassieke thuislook van de club<\/li>\n<li>Comfortabele set geschikt voor actieve kinderen<\/li>\n<li>Mogelijkheid tot eigen bedrukt naam en nummer<\/li>\n<li>Kwalitatieve afwerking voor een betaalbare prijs<\/li>\n<\/ul>","protected":false},"excerpt":{"rendered":"<p>Detsk\u00fd dres Real Madrid Ferland Mendy #23 2025\/26 \u2013 dom\u00e1ci set Tento Detsk\u00fd dres Real Madrid v dom\u00e1cej verzii pre sez\u00f3nu 2025\/26 predstavuje klasick\u00fd \u0161t\u00fdl klubu v modernom detskom spracovan\u00ed. In\u0161pirovan\u00fd ofici\u00e1lnym dom\u00e1cim dresom, je ur\u010den\u00fd pre mlad\u00fdch fan\u00fa\u0161ikov, ktor\u00ed chc\u00fa podporova\u0165 Real Madrid na ihrisku aj mimo neho, a z\u00e1rove\u0148 obdivuj\u00fa hr\u00e1\u010da Ferland Mendy [\u2026]<\/p>","protected":false},"featured_media":255,"comment_status":"open","ping_status":"closed","template":"","meta":{"site-sidebar-layout":"default","site-content-layout":"","ast-site-content-layout":"default","site-content-style":"default","site-sidebar-style":"default","ast-global-header-display":"","ast-banner-title-visibility":"","ast-main-header-display":"","ast-hfb-above-header-display":"","ast-hfb-below-header-display":"","ast-hfb-mobile-header-display":"","site-post-title":"","ast-breadcrumbs-content":"","ast-featured-img":"","footer-sml-layout":"","theme-transparent-header-meta":"default","adv-header-id-meta":"","stick-header-meta":"","header-above-stick-meta":"","header-main-stick-meta":"","header-below-stick-meta":"","astra-migrate-meta-layouts":"set","ast-page-background-enabled":"default","ast-page-background-meta":{"desktop":{"background-color":"var(--ast-global-color-4)","background-image":"","background-repeat":"repeat","background-position":"center center","background-size":"auto","background-attachment":"scroll","background-type":"","background-media":"","overlay-type":"","overlay-color":"","overlay-opacity":"","overlay-gradient":""},"tablet":{"background-color":"","background-image":"","background-repeat":"repeat","background-position":"center center","background-size":"auto","background-attachment":"scroll","background-type":"","background-media":"","overlay-type":"","overlay-color":"","overlay-opacity":"","overlay-gradient":""},"mobile":{"background-color":"","background-image":"","background-repeat":"repeat","background-position":"center center","background-size":"auto","background-attachment":"scroll","background-type":"","background-media":"","overlay-type":"","overlay-color":"","overlay-opacity":"","overlay-gradient":""}},"ast-content-background-meta":{"desktop":{"background-color":"var(--ast-global-color-5)","background-image":"","background-repeat":"repeat","background-position":"center center","background-size":"auto","background-attachment":"scroll","background-type":"","background-media":"","overlay-type":"","overlay-color":"","overlay-opacity":"","overlay-gradient":""},"tablet":{"background-color":"var(--ast-global-color-5)","background-image":"","background-repeat":"repeat","background-position":"center center","background-size":"auto","background-attachment":"scroll","background-type":"","background-media":"","overlay-type":"","overlay-color":"","overlay-opacity":"","overlay-gradient":""},"mobile":{"background-color":"var(--ast-global-color-5)","background-image":"","background-repeat":"repeat","background-position":"center center","background-size":"auto","background-attachment":"scroll","background-type":"","background-media":"","overlay-type":"","overlay-color":"","overlay-opacity":"","overlay-gradient":""}}},"product_brand":[],"product_cat":[68],"product_tag":[160,156,159,158,161,138,157],"class_list":["post-253","product","type-product","status-publish","has-post-thumbnail","product_cat-detske-dres-real-madrid","product_tag-detske-futbalove-dresy-2026","product_tag-detsky-dres-real-madrid","product_tag-detsky-futbalovy-set","product_tag-domaci-dres-real-madrid","product_tag-ferland-mendy-dres","product_tag-personalizovany-dres","product_tag-real-madrid-dres-pre-deti","desktop-align-left","tablet-align-left","mobile-align-left","first","instock","shipping-taxable","purchasable","product-type-variable"],"_links":{"self":[{"href":"https:\/\/www.drespredeti.com\/nl\/wp-json\/wp\/v2\/product\/253","targetHints":{"allow":["GET"]}}],"collection":[{"href":"https:\/\/www.drespredeti.com\/nl\/wp-json\/wp\/v2\/product"}],"about":[{"href":"https:\/\/www.drespredeti.com\/nl\/wp-json\/wp\/v2\/types\/product"}],"replies":[{"embeddable":true,"href":"https:\/\/www.drespredeti.com\/nl\/wp-json\/wp\/v2\/comments?post=253"}],"wp:featuredmedia":[{"embeddable":true,"href":"https:\/\/www.drespredeti.com\/nl\/wp-json\/wp\/v2\/media\/255"}],"wp:attachment":[{"href":"https:\/\/www.drespredeti.com\/nl\/wp-json\/wp\/v2\/media?parent=253"}],"wp:term":[{"taxonomy":"product_brand","embeddable":true,"href":"https:\/\/www.drespredeti.com\/nl\/wp-json\/wp\/v2\/product_brand?post=253"},{"taxonomy":"product_cat","embeddable":true,"href":"https:\/\/www.drespredeti.com\/nl\/wp-json\/wp\/v2\/product_cat?post=253"},{"taxonomy":"product_tag","embeddable":true,"href":"https:\/\/www.drespredeti.com\/nl\/wp-json\/wp\/v2\/product_tag?post=253"}],"curies":[{"name":"wp","href":"https:\/\/api.w.org\/{rel}","templated":true}]}}

<h3>Kind Real Madrid trui Ferland Mendy #23 2025/26 – thuisset</h3>
<p>Deze Kind Real Madrid trui in thuisuitvoering voor seizoen 2025/26 vertegenwoordigt de klassieke stijl van de club in een moderne kinderversie. Geïnspireerd op de officiële thuistrui, is hij bedoeld voor jonge fans die Real Madrid op het veld en daarbuiten willen steunen, en die ook de speler Ferland Mendy #23 bewonderen.</p>
<p>De trui is gemaakt van een hoogwaardige synthetische stof die zacht aanvoelt, licht van gewicht is en geschikt voor dagelijks gebruik. Dankzij de sportieve pasvorm biedt het comfort bij beweging en is het ideaal voor voetbaltrainingen, schoolsportactiviteiten of vrije tijd. In de verpakking zitten ook broekjes die qua kleur bij de trui passen.</p>
<p>Deze Kind Real Madrid trui biedt de mogelijkheid tot personalisatie. In plaats van een spelersnaam kan men een eigen naam en nummer kiezen, waardoor een originele trui ontstaat die is afgestemd op het kind. Gepersonaliseerde truien hebben een hogere waarde en zijn een populaire keuze bij cadeaus.</p>
<p><strong>Waarom kiezen voor de thuis Kind Real Madrid trui?</strong></p>
<ul>
<li>Klassieke thuislook van de club</li>
<li>Comfortabele set geschikt voor actieve kinderen</li>
<li>Mogelijkheid tot eigen bedrukt naam en nummer</li>
<li>Kwalitatieve afwerking voor een betaalbare prijs</li>
</ul>

<p>Detský dres Real Madrid Ferland Mendy #23 2025/26 – domáci set Tento Detský dres Real Madrid v domácej verzii pre sezónu 2025/26 predstavuje klasický štýl klubu v modernom detskom spracovaní. Inšpirovaný oficiálnym domácim dresom, je určený pre mladých fanúšikov, ktorí chcú podporovať Real Madrid na ihrisku aj mimo neho, a zároveň obdivujú hráča Ferland Mendy […]</p>
